actors of 917408955?
3, 5, 6563, 9319
List the prime factors of 26543069.
7, 17, 223051
What are the prime factors of 59885369?
43, 257, 5419
What are the prime factors of 120605896?
2, 29, 67, 7759
List the prime factors of 86395140.
2, 3, 5, 13, 31, 397
List the prime factors of 1144090080.
2, 3, 5, 7, 113501
What are the prime factors of 103543097?
7, 43, 343997
List the prime factors of 2268128916.
2, 3, 17, 3706093
List the prime factors of 26313933.
3, 29, 302459
List the prime factors of 40262006.
2, 23, 875261
List the prime factors of 124264523.
31, 293, 13681
List the prime factors of 2011814488.
2, 5701, 44111
What are the prime factors of 248074323?
3, 7, 29, 407347
What are the prime factors of 568581326?
2, 284290663
What are the prime factors of 568711427?
337, 1687571
List the prime factors of 4151956742.
2, 2075978371
What are the prime factors of 496588164?
2, 3, 53, 780799
List the prime factors of 3979352368.
2, 37, 6721879
List the prime factors of 408480495.
3, 5, 27232033
What are the prime factors of 80208294?
2, 3, 137, 97577
What are the prime factors of 504248491?
29, 1997, 8707
What are the prime factors of 66231610?
2, 5, 43, 154027
What are the prime factors of 1044469404?
2, 3, 11, 97687
What are the prime factors of 70586132?
2, 31, 569243
List the prime factors of 253692725.
5, 11, 13, 29, 2447
List the prime factors of 148956458.
2, 7, 10639747
What are the prime factors of 1342824153?
3, 11, 6379
List the prime factors of 1142129114.
2, 7, 81580651
List the prime factors of 319035083.
4177, 76379
List the prime factors of 108448757.
31, 523, 6689
What are the prime factors of 235589059?
235589059
What are the prime factors of 78783711?
3, 3593, 7309
What are the prime factors of 73248119?
7, 199, 52583
List the prime factors of 47197221.
3, 31, 507497
List the prime factors of 1940617112.
2, 7, 31, 1117867
What are the prime factors of 223905549?
3, 7, 29, 53, 991
List the prime factors of 4133659169.
4133659169
What are the prime factors of 193575030?
2, 3, 5, 11, 431, 1361
List the prime factors of 228756302.
2, 41, 43, 64877
What are the prime factors of 972208757?
13, 74785289
List the prime factors of 331757879.
19, 17460941
What are the prime factors of 90242953?
17, 31, 109, 1571
List the prime factors of 3284017330.
2, 5, 11, 17, 463, 3793
List the prime factors of 1133982624.
2, 3, 19, 621701
List the prime factors of 1348071507.
3, 227, 659849
List the prime factors of 57231636.
2, 3, 7, 11, 23, 2693
What are the prime factors of 376225715?
5, 3253, 23131
What are the prime factors of 93734349?
3, 31244783
What are the prime factors of 55558693?
29, 1915817
What are the prime factors of 148171307?
47, 263, 11987
What are the prime factors of 416260161?
3, 1811, 8513
List the prime factors of 841233259.
841233259
List the prime factors of 56972239.
1049, 54311
List the prime factors of 206584641.
3, 197, 38839
What are the prime factors of 457776587?
457776587
List the prime factors of 477485702.
2, 59, 4046489
List the prime factors of 610041533.
37, 59, 279451
What are the prime factors of 7060378?
2, 13, 271553
What are the prime factors of 436387515?
3, 5, 29092501
What are the prime factors of 21281309?
7, 3040187
What are the prime factors of 215802835?
5, 43160567
What are the prime factors of 265660966?
2, 43, 113, 27337
What are the prime factors of 7047836628?
2, 3, 7, 4057, 20681
What are the prime factors of 636029005?
5, 23, 61, 71, 1277
List the prime factors of 75306238.
2, 7, 768431
What are the prime factors of 26871225?
3, 5, 19, 109, 173
List the prime factors of 71395057.
317, 225221
List the prime factors of 40841.
40841
List the prime factors of 43232797.
149, 257, 1129
What are the prime factors of 97472007?
3, 2129, 5087
List the prime factors of 173506351.
173506351
List the prime factors of 1930653189.
3, 23, 659, 14153
What are the prime factors of 3354857534?
2, 7, 239632681
List the prime factors of 134721503.
7, 743, 25903
What are the prime factors of 15645912?
2, 3, 651913
What are the prime factors of 450137090?
2, 5, 13, 3462593
List the prime factors of 501969741.
3, 7, 13, 1838717
What are the prime factors of 1959559025?
5, 78382361
List the prime factors of 67526602.
2, 11, 13, 236107
What are the prime factors of 5086133354?
2, 2543066677
List the prime factors of 151640294.
2, 13, 97, 60127
List the prime factors of 711982292.
2, 7, 409, 62171
List the prime factors of 165540539.
193, 857723
What are the prime factors of 2061565717?
29, 2003, 35491
What are the prime factors of 80663719?
4153, 19423
What are the prime factors of 1353395489?
31, 43657919
What are the prime factors of 501137090?
2, 5, 50113709
List the prime factors of 5618847198.
2, 3, 20849, 44917
What are the prime factors of 1308733327?
11, 23, 37, 251, 557
What are the prime factors of 29884804?
2, 887, 8423
List the prime factors of 1495042998.
2, 3, 249173833
List the prime factors of 414620125.
5, 3316961
What are the prime factors of 64678622?
2, 19, 23, 43, 1721
List the prime factors of 143831564.
2, 127, 283133
List the prime factors of 646038860.
2, 5, 251, 128693
What are the prime factors of 89746693?
89746693
What are the prime factors of 1440202878?
2, 3, 431, 185641
What are the prime factors of 456207474?
2, 3, 47, 1617757
What are the prime factors of 120844287?
3, 13427143
What are the prime factors of 3448118988?
2, 3, 95781083
List the prime factors of 1426231581.
3, 163, 2916629
What are the prime factors of 2777929969?
53, 2543, 20611
List the prime factors of 64951981.
4363, 14887
List the prime factors of 4846882395.
3, 5, 31, 659, 15817
What are the prime factors of 469988393?
7, 37, 277, 6551
List the prime factors of 1374889511.
71, 2551, 7591
List the prime factors of 1795853176.
2, 13, 61, 283079
List the prime factors of 107744779.
3931, 27409
List the prime factors of 180846014.
2, 90423007
List the prime factors of 47521869.
3, 19, 833717
List the prime factors of 1791454304.
2, 43, 1301929
List the prime factors of 37365285.
3, 5, 139, 17921
What are the prime factors of 120919328?
2, 29, 229, 569
List the prime factors of 130424437.
11, 13, 181, 5039
List the prime factors of 570132966.
2, 3, 13, 31, 235787
List the prime factors of 335974346.
2, 167987173
List the prime factors of 894761633.
5347, 167339
What are the prime factors of 93779617?
47, 1995311
What are the prime factors of 2081997467?
11, 23, 357793
List the prime factors of 246313380.
2, 3, 5, 293, 14011
What are the prime factors of 65767609?
401, 409
What are the prime factors of 14496205?
5, 113, 25657
What are the prime factors of 323077664?
2, 7, 13, 110947
What are the prime factors of 65042101?
43, 1512607
What are the prime factors of 1520558637?
3, 13, 38988683
List the prime factors of 3752453723.
6827, 549649
List the prime factors of 8658811.
7, 137, 9029
List the prime factors of 1207178284.
2, 13, 23214967
What are the prime factors of 37291222?
2, 41, 191, 2381
What are the prime factors of 1181826592?
2, 36932081
List the prime factors of 109956974.
2, 23, 569, 4201
What are the prime factors of 111109828?
2, 31, 896047
What are the prime factors of 11194183?
7, 11, 13, 53, 211
List the prime factors of 4657717202.
2, 29, 31, 47, 55117
List the prime factors of 25631408.
2, 11, 145633
List the prime factors of 621578681.
149, 1709, 2441
What are the prime factors of 16782467?
13, 563, 2293
What are the prime factors of 137856965?
5, 41, 672473
What are the prime factors of 67265535?
3, 5, 109, 41141
What are the prime factors of 1701172866?
2, 3, 19, 14922569
List the prime factors of 2060679211.
89, 23153699
What are the prime factors of 134961564?
2, 3, 181, 62137
What are the prime factors of 55712383?
17, 227, 14437
What are the prime factors of 113961881?
11, 10360171
What are the prime factors of 1214189704?
2, 7, 13, 1667843
List the prime factors of 696598159.
19, 41, 894221
What are the prime factors of 141727532?
2, 283, 125201
What are the prime factors of 55879301?
7103, 7867
List the prime factors of 217735867.
217735867
List the prime factors of 6017145750.
2, 3, 5, 7, 11, 17, 227
List the prime factors of 2093092173.
3, 17, 13680341
What are the prime factors o